2*w + 838, 4*w = -n - 2*n + 623. What is the remainder when n is divided by 42?
41
Let m(p) = 37*p - 613. Let v(k) = -2*k**3 - 41*k**2 + 22*k + 38. Let j be v(-21). Let d = 67 - 5. Calculate the remainder when d is divided by m(j).
14
Let m be (-56)/140 - (-204)/10. Suppose 0 = -z + 2*i + 9, -5*i = -5*z + 25 + m. Calculate the remainder when 51 is divided by z.
6
Suppose -40*m + 50*m = 3280. Calculate the remainder when m is divided by 318.
10
Let d(i) = 47*i**3 + 4*i**2 - 35*i + 65. Calculate the remainder when 1181 is divided by d(2).
20
Suppose -29 - 1 = -2*x. Suppose -404*a + 406*a + 86 = 4*k, -5*a + 32 = 3*k. Calculate the remainder when k is divided by x.
4
Let r = 2443 - 2400. What is the remainder when 808 is divided by r?
34
Let v(z) = 36*z - 1. Let u = -3 + 4. Suppose 23*b - 4838 = -1641. What is the remainder when b is divided by v(u)?
34
Suppose -2*s - 376 = -4*o, 4*o + 3*s - 382 = 2*s. Let r = o - 57. Calculate the remainder when r is divided by 17.
4
Let c(n) = 30*n + 39*n - 5 - 2*n - 3*n + 1. Calculate the remainder when c(2) is divided by 34.
22
Let n = 446 + -233. Suppose 2*l + n = 5*l. Let v = -57 + l. What is the remainder when 27 is divided by v?
13
Suppose 8*a + 568 = -64. Let r = 84 + a. Suppose -15 = 3*v, 4*v - 32 = -4*j - 0*v. Calculate the remainder when j is divided by r.
3
Suppose -1052 = -4*i - p + 2584, -2*p - 1828 = -2*i. Calculate the remainder when ((-5)/10)/((-5)/i) is divided by 27.
10
Let b = -217 - -222. Suppose 3*l - 4*d - 41 = 0, 3*d - 25 = -5*l - b. What is the remainder when l is divided by 5?
2
Suppose 0 = -y - 3*b, -5*y + 0*y - 48 = -b. Let z(i) = -10*i - 84. Calculate the remainder when 20 is divided by z(y).
2
Let d(m) = -m**2 - 25*m - 13. Let u be d(-21). Suppose -42 = -u*g + 65*g. What is the remainder when 81 is divided by g?
4
Calculate the remainder when 37/(-2)*(-4)/1 is divided by (-5)/(-4) - (-39)/4.
8
Suppose -18 = -9*k + 6*k. Suppose -k*c = -61 - 23. Suppose -3 = -5*u + 257. What is the remainder when u is divided by c?
10
Suppose -20*w + 5*q = -15*w - 1520, 0 = 8*w + 3*q - 2443. What is the remainder when w is divided by 295?
10
Suppose -z = 22*l - 21*l - 112, 2*l = 4. Calculate the remainder when 1547 is divided by z.
7
Let y = -397 - -562. Suppose 0 = -3*n - 0*n + 5*w + 68, 5*n + 2*w - y = 0. Let d(b) = -31*b - 3. Calculate the remainder when d(-4) is divided by n.
28
Suppose -198 - 26 = -4*j + 2*i, -5*i = 3*j - 129. Calculate the remainder when 1726 is divided by j.
30
Let p be (0*(-3)/15)/(-3). Suppose 0*b + 6*b - 300 = p. Calculate the remainder when 65 is divided by ((-575)/b)/(1/(-2)).
19
Suppose -245*i + 26947 + 47433 = 16805. What is the remainder when i is divided by 25?
10
Let n(z) = -2*z**2 - 6*z - 24. Let c be n(10). Let m = -247 - c. Calculate the remainder when 71 is divided by m.
34
Let u(p) = -p**3 - 4*p**2 + 5*p - 4. Let q be u(-4). Let v(t) = -17*t**3 + t**2 + t. What is the remainder when (64/12)/((-2)/q) is divided by v(-1)?
13
Let o = 125 + -101. Suppose -3*a = -a - q - 279, -2*a - 3*q + 299 = 0. What is the remainder when a is divided by o?
22
Suppose 4*r + 79*n - 3468 = 76*n, n + 860 = r. What is the remainder when r is divided by 107?
8
Let f(t) = -14*t - 80. Let i be f(-28). Suppose -4*o = 4*o - i. Calculate the remainder when o is divided by 10.
9
Let s be -6 + (18/(-6) - 116). Let f = -104 - s. What is the remainder when f is divided by 11?
10
Let q be 2516/476 - (-3)/(21/(-2)). Suppose 2*l - 9 = -5*j + 101, q*l - 4*j - 209 = 0. Suppose f - 36 = -2*f. Calculate the remainder when l is divided by f.
9
Let a = -6334 + 6357. What is the remainder when 1024 is divided by a?
12
Suppose -33216 = -142*x + 19466. Calculate the remainder when x is divided by 12.
11
Let w(l) = l**2 + 2*l - 6. Let t be w(-7). Let v = -56 + t. Let j = v - -55. Calculate the remainder when 53 is divided by j.
25
Let x = 6379 + -6064. Calculate the remainder when x is divided by 76.
11
Suppose 20*v + 5*u - 14 = 19*v, 5*v - 5*u = 10. Let l(i) = -i**2 - 9*i + 4. Calculate the remainder when l(-7) is divided by v.
2
Let p(z) = -2*z**3 - 71*z**2 - 11*z - 43. Let h be p(-35). Let n = h + 974. What is the remainder when n is divided by 2?
1
Let p = -106 + 158. Suppose p = 4*k - 4*d, 26 = 2*k - 4*d - 6. Let s(l) = 9*l - 54. Calculate the remainder when s(k) is divided by 8.
4
Suppose -3*q + 329 = 4*q. Let d = -59 + 75. What is the remainder when -1*(-1)/(-1) + q is divided by d?
14
Let l(j) = 2*j + 40. What is the remainder when 1061 is divided by l(8)?
53
Let y(w) = 3*w**3 + w**2 - 9*w**3 - w - 1 + 0*w**3 - 1. What is the remainder when (88/6)/4*6 is divided by y(-1)?
4
Let y be 3/(3 + (-108)/40). Let c(n) = 14*n**2 + n - 3*n**2 - y*n**2. Calculate the remainder when 58 is divided by c(-5).
18
Suppose 0*d - 3*d = 4*i - 12, 3*i - 3*d - 30 = 0. Let u(h) = -10*h. Let a be u(-1). Suppose a*c - 532 = i*c. Calculate the remainder when c is divided by 45.
43
Let l = 80 + -35. Suppose -126 = 2*v - 190. What is the remainder when l/(-10)*(-124)/6 is divided by v?
29
Suppose 4*u = i + 1476, 4*u + i = 707 + 785. Calculate the remainder when 24111 is divided by u.
367
Let w(p) = -11*p**3 - 10*p**2 - 23*p + 4. Let o be w(-4). Suppose 508 + o = 28*x. What is the remainder when 734 is divided by x?
37
Let q(z) = -10*z - 77. Let g be q(-8). Let u(o) = o**2 - 3*o + 13. What is the remainder when 623 is divided by u(g)?
12
Suppose 212*t - 356400 = 68*t. Calculate the remainder when t is divided by 59.
56
Suppose 4*n - 512 = -2*l, -2*l + 524 = -256*n + 257*n. Calculate the remainder when l is divided by 38.
36
Let l be (3/2)/((-6)/(-8)). Let k = -170 + 242. What is the remainder when k is divided by -57*(1/(-2) + l/12)?
15
Let l(o) = -182*o**3 + 79*o**2 + 236*o - 5. Calculate the remainder when l(-3) is divided by 42.
40
Let o(j) = -j**3 - 7*j**2 - 6*j - 37. Let d be o(-7). Suppose d*r + 366 = 1051. Calculate the remainder when r is divided by 43.
8
Suppose -1214 = -4*b - 350. What is the remainder when b - (-28)/(3 - 10) is divided by 43?
40
Let m = 608 + -455. Let i = -135 + m. Let y = 92 - 58. Calculate the remainder when y is divided by i.
16
Let v be (-7)/(-49) - 31*99/21. Let p = 239 + v. Let j = 24 + -8. What is the remainder when p is divided by j?
13
Let x(s) = -2*s - 16. Let h be x(-5). What is the remainder when 114 + (-6 - -11) + h is divided by 31?
20
Let a(s) = -50*s + 21. Let t be 3*(1 + 2 + -4). Calculate the remainder when a(t) is divided by 60.
51
Suppose 0 = -2*d + 186 + 1526. What is the remainder when d*(-11)/22*(-1)/2 is divided by 9?
7
Let q = -27 + -2. Let s = q - -37. Let k = s + 6. What is the remainder when k is divided by 9?
5
Suppose 5*z - 25 = -3*p, -z - 3*z - 3*p + 20 = 0. Suppose 0 = -2*l - z*m + 289, -m = 3*l + 3*m - 444. What is the remainder when l is divided by 13?
9
Let k(g) = 2*g**2 - 33*g - 2072. What is the remainder when k(-29) is divided by 186?
9
Let l(c) = -c**3 + 9*c**2 + 28*c + 3. Calculate the remainder when 503 is divided by l(-4).
8
Suppose 19*x = 18*x + 7. Suppose 0*t - x = -5*m - 2*t, -t - 10 = -2*m. Calculate the remainder when 10 is divided by m.
1
Let a = -307 + 310. Let x(c) = c + 19. What is the remainder when 129 is divided by x(a)?
19
Let o = -8139 + 9188. What is the remainder when o is divided by 113?
32
Let k = 14 - 17. Let w(o) = -6*o**3 - 11*o**2 + 7*o + 9. Calculate the remainder when w(k) is divided by 33.
18
Suppose 4*k + 905 = 4001. Let x = k + -398. Suppose -a = 3*a - x. Calculate the remainder when a is divided by 16.
14
Let b(o) = -o + 12. Let v = 3189 + 304. Suppose 34*s - 111 = v. Calculate the remainder when s is divided by b(0).
10
Suppose -3*x = -15, -6 = 4*z + 7*x - 5*x. What is the remainder when 86 is divided by (4 - (z + 1)) + 37?
42
Suppose 16 = -r + 4*r + 5*u, -2*u + 2 = -r. Calculate the remainder when 60 is divided by r*(105/45)/((-2)/(-9)).
18
Let i(x) = -23 - x**2 - 10*x + 17 + 38. Calculate the remainder when (-2)/5 - (-304)/10 is divided by i(-12).
6
Let z(a) be the first derivative of 2*a**2 - 35*a + 4. Let t = 25 + -13. Calculate the remainder when z(14) is divided by t.
9
Suppose 68*o - 194*o = -56700. What is the remainder when o is divided by 76?
70
Let s(t) = t**3 + 43*t**2 + 226*t + 747. Let g(d) = d**2 - 2*d - 5. What 